 1. Let s be h(1). Suppose -856 - 440 = -4*p. Suppose -6*a + 51 = n - 2*a, 5*n = 3*a + p. Calculate the highest common factor of n and s.
9
Suppose 0*b = -5*q - 2*b + 10, -5*q = 4*b - 10. Calculate the highest common factor of 4 and q.
2
Let y = 59 + -57. Suppose 10 = -5*j + 50. Calculate the highest common divisor of y and j.
2
Let o be (2 + 20/(-8))*-2. Let p = o - -1. What is the greatest common factor of 14 and p?
2
Let k = 4466 + -4436. Suppose 5*i = 25, 0*i - 665 = -2*h - i. What is the highest common factor of h and k?
30
Suppose -6*t + 27 = -81. Calculate the greatest common divisor of t and 207.
9
Suppose 0 = 11*g - 2107 + 270. What is the highest common divisor of g and 1?
1
Suppose -3*j + 106 = g, -5*g + 206 + 239 = -2*j. Let o = g - 58. What is the highest common factor of 22 and o?
11
Suppose -14*g = -2*g - 36. Suppose 2*d = -3*k - 2*k + 82, -5*k = -g*d - 77. What is the greatest common factor of k and 12?
4
Let q = 374 - 253. Suppose -11*h = -0*h - q. Suppose -o + 484 = 3*o. What is the highest common factor of h and o?
11
Let x(l) = -2*l - 13. Let b be x(-10). Let g = 15 - b. Suppose -10 + 2 = -8*y. Calculate the highest common factor of y and g.
1
Let k(g) = -g**2 - 9*g + 315. Let r be k(0). What is the highest common divisor of 42 and r?
21
Let t(c) = -c**3 - 4*c**2 + 7*c - 3. Suppose 0 = -z - 7*v + 3*v - 6, -2*z - 12 = -4*v. Let r be t(z). What is the greatest common divisor of 81 and r?
27
Let i(q) = 2*q**2 - 7*q + 8. Let m be i(6). Suppose m*w - 96 = 34*w. Calculate the highest common factor of w and 192.
24
Suppose c - 2*t - 7 + 0 = 0, 5*t = -c - 7. What is the greatest common factor of c and 2?
1
Suppose 0 = -0*w + 4*w - 84. Suppose -3*j - 36 = 18. Let v(k) = -k**2 - 24*k + 39. Let p be v(j). Calculate the greatest common divisor of p and w.
21
Let d = -704 - -736. What is the highest common divisor of d and 20?
4
Suppose 5 = -5*y - 0. Let l be ((-18)/27)/((-3)/((-54)/y)). Let v = -60 + 120. What is the greatest common factor of v and l?
12
Let o = -182 + 317. Let h be (2 - (-3 + 0)) + -1. Suppose -h*i + 4*b + 80 = 0, 0*b + 75 = 4*i - 3*b. Calculate the greatest common divisor of i and o.
15
Let o be (19 - -1)*(-27)/(-108). Calculate the highest common factor of o and 355.
5
Let i = 185 - 116. Suppose 2*q = -0*q + 3*f + i, 0 = f - 1. What is the greatest common divisor of 54 and q?
18
Suppose 0 = -2*l - 4*c + 164, 5*l + 6*c = 2*c + 428. What is the highest common divisor of 72 and l?
8
Suppose 2*k - 16 = -4*r, 5*r + 0*k - 6 = k. What is the highest common divisor of r and 18?
2
Let l be ((-4)/2)/(1/(-38)). Calculate the greatest common divisor of l and 19.
19
Suppose -p - 102 = -4*p + 3*m, 2*p - 72 = 4*m. Suppose 0 = x - p - 66. What is the greatest common divisor of x and 14?
14
Suppose 5*b - 5*t - 83 - 52 = 0, 4*b = 2*t + 118. Calculate the highest common factor of 12 and b.
4
Let v be ((-11)/33)/(3/(-297)). What is the highest common divisor of v and 231?
33
Let v = 727 - 598. What is the greatest common divisor of v and 172?
43
Let x(h) = -20*h - 275. Let q be x(-14). What is the greatest common divisor of q and 1280?
5
Suppose -7*m + 454 = 62. Calculate the highest common factor of m and 28.
28
Suppose 32 = 2*z + 104. Let i be -2*(1 - 0) - 1044/z. Let f be ((-6)/5)/((-6)/15). What is the greatest common divisor of i and f?
3
Suppose -9*c + 8*c + 3 = 0. Suppose 3*z - 3 - c = 0. Let x = z - -50. Calculate the greatest common factor of 130 and x.
26
Let m(g) be the second derivative of g**4/12 - 7*g**3/6 + 13*g**2/2 - 18*g. Let b be m(8). What is the greatest common divisor of 14 and b?
7
Let v = -223 + 232. What is the highest common divisor of v and 117?
9
Let m(b) = -5*b - 10. Let g be m(-4). What is the highest common divisor of g and 20?
10
Let c(l) = 12*l - 10. Let w be c(4). Suppose -3*z + w = 3*s - 1, -z = -4*s - 28. What is the greatest common divisor of z and 48?
16
Suppose -d = 3*o - 13, 0 = -d + 6*o - 4*o - 2. Calculate the greatest common factor of 16 and d.
4
Suppose 0 = -4*y + 3*l + 36, -3*l - 42 = -3*y - 2*y. Let j = 1462 - 738. Let o be (-4)/12 + j/12. Calculate the greatest common factor of o and y.
6
Suppose -340 = -2*b - 276. Calculate the greatest common factor of 8 and b.
8
Let f(j) = -2*j + 3. Let s be f(-6). Let v be 0 + (4 - 1)*100/15. Suppose 4*b + 5*n = v, -n = -6*b + b + 25. Calculate the highest common divisor of b and s.
5
Let o be (-1 - 0)*(1 + -22). Suppose -63 = -17*h + 8*h. What is the greatest common factor of o and h?
7
Let j(g) = g**2 - g + 1. Let k be j(2). Suppose 2*c - 95 = -k*c. Calculate the greatest common divisor of c and 57.
19
Let h be (0 + 39)*(-10)/(-15). Suppose 51 + h = 7*n. What is the highest common factor of 33 and n?
11
Suppose -8*w + 719 + 561 = 0. What is the highest common factor of 432 and w?
16
Suppose 12*q - q = 3960. Calculate the highest common factor of q and 144.
72
Suppose -4*f - 11 + 2 = v, 0 = 4*v - f - 32. Let p(x) = 8*x**3 - 2*x**2 + 2*x - 1. Let b be p(1). What is the greatest common divisor of b and v?
7
Let t(z) = -2*z + 2. Let g be t(1). Suppose g = 3*f - 0*f - 6. Suppose f*n + 65 = 7*n. Calculate the greatest common factor of 52 and n.
13
Suppose 1 = l - 4. Suppose -l*y + w = -24, 3*w + 8 = -y - 0*w. Calculate the highest common divisor of 44 and y.
4
Let n be (-18)/(-42) + (-2175)/(-21). Suppose 101*o = n*o - 78. Calculate the greatest common divisor of 13 and o.
13
Let f(i) = -2*i - 2. Let l be f(-5). Let z = -162 + 218. Calculate the highest common divisor of z and l.
8
Let x = -249 - -258. Calculate the greatest common divisor of x and 5.
1
Suppose -l + 5*l - 16 = 0. Suppose -16 = -v + 4*i + 18, -l*v - 3*i + 60 = 0. Suppose 3*g - v = 39. Calculate the greatest common divisor of 171 and g.
19
Let y = -50 - -64. Let p = 28 - y. Calculate the highest common factor of 14 and p.
14
Let n(k) = -22*k - 55. Let h be n(-8). What is the greatest common divisor of 1573 and h?
121
Suppose 175 = u - v, -3*u - 4*v = 27 - 524. Suppose -2*s + 49 = 11. What is the highest common divisor of u and s?
19
Let x be (-6)/(-2)*(-3)/9. Let l be -3 + 1 - (-5 - x). What is the greatest common factor of 18 and l?
2
Suppose -2*i + 11 = -3. Let j(b) = -b**3 + 7*b**2 + 2*b - 4. Let f be j(i). Let o be 984/15 + (-6)/f. What is the highest common factor of o and 26?
13
Let r be (-7)/((-14)/60) + -31 + 24 + 1. Let i = 52 + 8. Calculate the greatest common divisor of i and r.
12
Let j(d) = -5*d + 63. Let y be j(7). What is the greatest common divisor of y and 280?
28
Let n be 4/14 + (-38)/(-14). Let s = -499 - -500. Calculate the highest common factor of s and n.
1
Let o(h) = -h**2 - 8*h - 4. Let m be o(-7). Let c be (-6)/(-4)*10/m. Calculate the greatest common factor of 35 and c.
5
Suppose 14*y - 1480 = 326. What is the greatest common factor of 86 and y?
43
Let r(h) = 2*h + 5. Let j be 9 - 0/5 - 0. Let g be r(j). Let d = 27 - g. Calculate the greatest common divisor of 16 and d.
4
Let v(m) = -m**2 + 6*m. Let s be v(5). Let b = 194 - 189. Calculate the highest common factor of s and b.
5
Suppose -67 = -t - 3*w, 5*w - 201 = -3*t + w. Suppose 0 = 4*c - 6*c - 74. Let z = t + c. Calculate the greatest common factor of 75 and z.
15
Suppose -5*i + 3*z = -60, -2*i + 24 = -0*z - z. What is the highest common factor of i and 12?
12
Suppose 0 = 8*j - 3*j - 700. Suppose -5*l + j = -0*l + 5*h, -l = 5*h - 40. What is the highest common factor of l and 200?
25
Let a = 262 - 231. Suppose 496 = -3*l + 5*l. Calculate the highest common divisor of l and a.
31
Let o = -67 + 148. What is the greatest common factor of o and 9?
9
Let c(g) = g**3 + 7*g**2 + 4*g - 3. Let j be (-4)/6*(-15)/2. Suppose -1 = l + j. Let k be c(l). What is the highest common factor of 1 and k?
1
Let o(m) = 6 - 4 + 2 + 3*m. Suppose -180 = -7*j - 159. Let u be o(j). Calculate the highest common divisor of 13 and u.
13
Suppose 1517 = -23*p + 16191. Calculate the highest common divisor of p and 22.
22
Let l = 97 + -82. Suppose j + l = 47. What is the highest common factor of 128 and j?
32
Suppose 4*a = -4*d - 52, -4*a - d - 70 = -3*d. Let r be 4/(-2)*(a - 6). Let w be (-76)/(-18) + 6/(-27). Calculate the highest common factor of w and r.
4
Let x(r) = r**3 - 6*r**2 - 6*r + 1. Suppose 1 = 2*z - 13. Let h be x(z). What is t